048.
795
What is the remainder when 2870 is divided by 462?
98
What is the remainder when 3945 is divided by 64?
41
Calculate the remainder when 302 is divided by 76.
74
What is the remainder when 962303 is divided by 448?
447
Calculate the remainder when 5688 is divided by 5068.
620
Calculate the remainder when 3800 is divided by 1241.
77
What is the remainder when 12162 is divided by 468?
462
What is the remainder when 5926 is divided by 5?
1
What is the remainder when 4080 is divided by 638?
252
What is the remainder when 101883 is divided by 205?
203
Calculate the remainder when 3743 is divided by 286.
25
Calculate the remainder when 143227 is divided by 384.
379
Calculate the remainder when 698570 is divided by 14.
12
Calculate the remainder when 29274 is divided by 54.
6
Calculate the remainder when 8839 is divided by 336.
103
What is the remainder when 138234 is divided by 160?
154
What is the remainder when 14569 is divided by 47?
46
Calculate the remainder when 1927 is divided by 194.
181
Calculate the remainder when 24197 is divided by 2686.
23
Calculate the remainder when 736905 is divided by 35.
15
Calculate the remainder when 249539 is divided by 41.
13
What is the remainder when 8191 is divided by 26?
1
Calculate the remainder when 31620 is divided by 92.
64
Calculate the remainder when 31248 is divided by 1358.
14
What is the remainder when 16629 is divided by 1385?
9
Calculate the remainder when 1358879 is divided by 2.
1
What is the remainder when 6035 is divided by 2495?
1045
What is the remainder when 5543 is divided by 312?
239
What is the remainder when 1569 is divided by 227?
207
What is the remainder when 3853 is divided by 425?
28
What is the remainder when 219416 is divided by 119?
99
Calculate the remainder when 13780 is divided by 696.
556
What is the remainder when 9727 is divided by 951?
217
Calculate the remainder when 15272 is divided by 224.
40
Calculate the remainder when 147885 is divided by 12.
9
Calculate the remainder when 270257 is divided by 5405.
7
Calculate the remainder when 395 is divided by 127.
14
Calculate the remainder when 20562 is divided by 1082.
4
What is the remainder when 56835 is divided by 56654?
181
Calculate the remainder when 226349 is divided by 36.
17
Calculate the remainder when 1725 is divided by 1717.
8
Calculate the remainder when 2433331 is divided by 44.
43
Calculate the remainder when 169818 is divided by 174.
168
What is the remainder when 455397 is divided by 18?
15
What is the remainder when 10523 is divided by 85?
68
Calculate the remainder when 1987391 is divided by 47.
43
What is the remainder when 8110 is divided by 623?
11
What is the remainder when 757 is divided by 179?
41
Calculate the remainder when 320506 is divided by 320506.
0
Calculate the remainder when 78529 is divided by 3.
1
What is the remainder when 3296 is divided by 3052?
244
What is the remainder when 110511 is divided by 94?
61
What is the remainder when 54566 is divided by 38?
36
Calculate the remainder when 4599 is divided by 46.
45
Calculate the remainder when 48784 is divided by 48759.
25
Calculate the remainder when 82997 is divided by 20719.
121
Calculate the remainder when 1170342 is divided by 181.
177
Calculate the remainder when 20937 is divided by 154.
147
Calculate the remainder when 2879 is divided by 1429.
21
Calculate the remainder when 103948 is divided by 525.
523
What is the remainder when 563001 is divided by 783?
24
What is the remainder when 1316 is divided by 263?
1
Calculate the remainder when 59399 is divided by 29698.
3
Calculate the remainder when 121871 is divided by 75.
71
What is the remainder when 4255 is divided by 279?
70
Calculate the remainder when 75364 is divided by 126.
16
Calculate the remainder when 498623 is divided by 4841.
0
What is the remainder when 32947 is divided by 765?
52
Calculate the remainder when 240865 is divided by 17.
9
Calculate the remainder when 4792 is divided by 172.
148
Calculate the remainder when 23459 is divided by 234.
59
Calculate the remainder when 12400 is divided by 188.
180
What is the remainder when 180283 is divided by 10?
3
What is the remainder when 3113 is divided by 469?
299
What is the remainder when 14450 is divided by 1288?
282
What is the remainder when 3371 is divided by 2798?
573
What is the remainder when 25028 is divided by 736?
4
What is the remainder when 5040 is divided by 384?
48
What is the remainder when 17162 is divided by 68?
26
Calculate the remainder when 79505 is divided by 4173.
218
Calculate the remainder when 111353 is divided by 705.
668
Calculate the remainder when 10545 is divided by 27.
15
Calculate the remainder when 7326 is divided by 3654.
18
Calculate the remainder when 242 is divided by 41.
37
Calculate the remainder when 55502 is divided by 1593.
1340
Calculate the remainder when 152892 is divided by 469.
467
What is the remainder when 18108 is divided by 283?
279
Calculate the remainder when 44599 is divided by 219.
142
What is the remainder when 611608 is divided by 32189?
17
Calculate the remainder when 616 is divided by 78.
70
What is the remainder when 2433785 is divided by 68?
65
What is the remainder when 17078 is divided by 73?
69
What is the remainder when 1978 is divided by 1388?
590
What is the remainder when 166051 is divided by 20754?
19
Calculate the remainder when 506334 is divided by 145.
139
What is the remainder when 6792 is divided by 966?
30
What is the remainder when 9429 is divided by 1875?
54
Calculate the remainder when 8207 is divided by 4094.
19
Calculate the remainder when 26637 is divided by 10.
7
Calculate the remainder when 28803 is divided by 13292.
2219
Calculate the remainder when 362043 is divided by 120678.
9
What is the remainder when 1691 is divided by 78?
53
Calculate the remainder when 837 is divided by 116.
25
Calculate the remainder when 63914 is divided by 16.
10
What is the remainder when 87469 is divided by 241?
227
Calculate the remainder when 12871 is divided by 12839.
32
Calculate the remainder when 14314 is divided by 292.
6
Calculate the remainder when 2428 is divided by 2194.
234
Calculate the remainder when 128515 is divided by 252.
247
What is the remainder when 334618 is divided by 780?
778
Calculate the remainder when 322768 is divided by 159.
157
Calculate the remainder when 1226 is divided by 150.
26
Calculate the remainder when 39073 is divided by 210.
13
What is the remainder when 6990451 is divided by 88?
83
Calculate the remainder when 5638 is divided by 171.
166
What is the remainder when 7913 is divided by 72?
65
Calculate the remainder when 12630 is divided by 667.
624
What is the remainder when 34813 is divided by 4?
1
What is the remainder when 21270 is divided by 452?
26
Calculate the remainder when 6474 is divided by 2149.
27
Calculate the remainder when 405 is divided by 369.
36
What is the remainder when 1403 is divided by 473?
457
Calculate the remainder when 250097 is divided by 27785.
32
What is the remainder when 317791 is divided by 37?
35
What is the remainder when 306463 is divided by 4?
3
Calculate the remainder when 135328 is divided by 335.
323
What is the remainder when 717 is divided by 140?
17
What is the remainder when 2123 is divided by 525?
23
What is the remainder when 143646 is divided by 559?
542
Calculate the remainder when 10095 is divided by 917.
8
What is the remainder when 149455 is divided by 1823?
1792
Calculate the remainder when 1106 is divided by 188.
166
Calculate the remainder when 25317 is divided by 12510.
297
Calculate the remainder when 2878 is divided by 182.
148
What is the remainder when 19648 is divided by 26?
18
What is the remainder when 7980 is divided by 33?
27
Calculate the remainder when 40817 is divided by 84.
77
Calculate the remainder when 10946 is divided by 7.
5
Calculate the remainder when 5082 is divided by 144.
42
Calculate the remainder when 44577 is divided by 11139.
21
What is the remainder when 723 is divided by 65?
8
Calculate the remainder when 1298 is divided by 621.
56
What is the remainder when 116804 is divided by 372?
368
What is the remainder when 8551 is divided by 4?
3
Calculate the remainder when 839382 is divided by 1943.
6
Calculate the remainder when 29